 22. Let z(g) = -2*b(g) - 11*h(g). List the prime factors of z(15).
5
Suppose -16*u - 2008 = -16472. Let r = u - 396. List the prime factors of r.
2, 127
Suppose 2*q + 2*y + 10 = 5*q, 0 = -2*q + 2*y + 8. Suppose 24 = 4*a - o, -5*a - 5*o - q = -7. Suppose -a*n = -0*n - 745. List the prime factors of n.
149
Let d(s) be the third derivative of -s**6/120 - 2*s**5/15 + 2*s**4/3 + 11*s**3/3 - 2967*s**2. Suppose 2 = -o - 8. What are the prime factors of d(o)?
2, 31
Suppose 3*l - 5*m - 1367 = 16834, 4*l - 7*m = 24270. List the prime factors of l.
3, 673
Let d be ((-45)/6 + 7)/((-1)/39556). Suppose -59*n + d = -37*n. What are the prime factors of n?
29, 31
Suppose -378 = -3*z - x + 448, 4*z - 1112 = 4*x. Suppose -4*b - 12 = 21*q - 23*q, 0 = -4*q + b + 59. Suppose 13*w - q*w = -z. What are the prime factors of w?
2, 23
Let l = -33 + 29. List the prime factors of l*9/72*-2682.
3, 149
Let g(v) = -3088*v**3 + 7*v**2 - 2. List the prime factors of g(-1).
3, 1031
Let t = -107 + 237. Let w = t - 86. Let v = -37 + w. List the prime factors of v.
7
Let x(s) = 2*s**2 + 10*s - 8. Let c be x(-6). Suppose 0 = -c*r - r + 340. Suppose 2*h - 3*m - 143 = 0, h - 8 - r = -3*m. List the prime factors of h.
73
List the prime factors of 8 + 1559/(-4)*(-17 - -1).
2, 7, 223
Suppose 168 = 2*u - 3*q - 791, 0 = -5*u - 3*q + 2429. Suppose -6*f = -1082 - u. What are the prime factors of f?
3, 29
Let t = -22807 + 48613. List the prime factors of t.
2, 3, 11, 17, 23
List the prime factors of (3/2)/((-30)/100) + (-10812)/(-2).
11, 491
Let t = 2256 + -833. What are the prime factors of t?
1423
What are the prime factors of (((-20)/(-100))/((-6)/8595))/((-2)/184)?
2, 3, 23, 191
Suppose -76*n + 427 = -77*n. Let j = 480 + -728. Let h = j - n. List the prime factors of h.
179
Let o be 1 - ((-7*25)/5 + -5). Suppose 26*d = o*d - 16590. What are the prime factors of d?
2, 7, 79
Let u(y) = 2*y. Let p(k) = 34*k - 68. Let o(t) = p(t) - 8*u(t). Let i be o(7). Suppose -2*s + s + q + 70 = 0, -s - 2*q = -i. What are the prime factors of s?
2, 3, 11
Suppose -10*c - 2*c + 24 = 0. Suppose -c*n = -2*u - 536, -4*n + 610 = -2*u - 462. List the prime factors of n.
2, 67
Suppose -18*w = -22*w - 84. Let s = 36 + w. Suppose s = -3*j, 3*j = -3*g + 4*g - 102. What are the prime factors of g?
3, 29
Suppose 25*x = 14*x + 5786. Suppose 7*h - x = 636. What are the prime factors of h?
2, 83
Let w = 1 - 144. Let o = 67 - w. List the prime factors of o.
2, 3, 5, 7
List the prime factors of 34/(-1088)*32 + 79*201/1.
2, 17, 467
List the prime factors of ((-23340)/(-35))/(9*(-7)/(-441)).
2, 3, 389
Suppose -5*j + 589134 = -2*w + 231076, -143210 = -2*j + 3*w. What are the prime factors of j?
2, 61, 587
Let x(w) = w**3 - 16*w**2 + 14*w - 14. Let k be x(17). Suppose 2*z - 2*y - y = k, 0 = -3*z + 5*y + 767. What are the prime factors of z?
2, 3, 11
Suppose 3*j = 129 + 51. Let o = 64 + -99. Let b = j + o. What are the prime factors of b?
5
Suppose g - 4*v = -74, 4*v - 9*v - 307 = 3*g. Let s = 425 - g. List the prime factors of s.
3, 173
Suppose 2*t - 886 = -4*l, 7*t = 12*t + l - 2179. Let k = t - -942. List the prime factors of k.
3, 17
Suppose 54 = 3*a - 0*a. Let w be 2/((-6)/(-59)) - (-6)/a. Suppose q - 8 = w. List the prime factors of q.
2, 7
Let c(s) be the first derivative of -2*s**3 + 64 - s**3 + 5*s**3 - 89. List the prime factors of c(-2).
2, 3
Let j be (-38)/(-12)*-2*(129 + -132). Suppose -j*f = 5*f - 25176. List the prime factors of f.
1049
Let j(n) = -n**2 + 8*n + 62. Let q be j(-4). List the prime factors of q/(-35) - (-3829)/35.
109
Suppose -10*y + 8*y + 512 = 0. Let t = 409 - y. Suppose 155 = 2*m - t. List the prime factors of m.
2, 7, 11
Let y be -204*(3 - 30/9). Suppose 5*r - 37 = -5*s + y, -98 = -5*s + 2*r. Let m = 125 + s. What are the prime factors of m?
5, 29
Let x(q) = -28291*q**3 + q**2 + 214*q + 212. What are the prime factors of x(-1)?
2, 3, 5, 23, 41
Suppose -27679 = -5*i + 7*k - 6037, -3*k = -5*i + 21618. List the prime factors of i.
2, 3, 5
Let a(f) = -3557*f + 2721. List the prime factors of a(-12).
3, 5, 1009
Suppose 6*z + 451 = 31. Let a = z - -74. What are the prime factors of 1*69 + (a - (3 + -2))?
2, 3
Let r(o) = 28*o + 40. Let u be r(1). Suppose 2*h - 64 = -d - 16, -149 = -3*d - h. Suppose 4*s + 2*z - u = 0, s + 2*s - d = -z. What are the prime factors of s?
2
Suppose -a - 4*t = -52, -a + 4*t + 15 = -13. Suppose 5*s = s + a. Suppose -4*f = 5*y - s*y - 738, -358 = -2*f - 3*y. List the prime factors of f.
2, 7, 13
Let p be (5 - 0)/(-50) - 54711/90. List the prime factors of p/(-20) + 8/(-20).
2, 3, 5
Suppose 0 = -6*s + 4974 - 53238. What are the prime factors of s/(-14) - (-5)/(35/(-4))?
2, 7, 41
Let m(x) = -x**3 - 14*x**2 - 29*x - 21. Suppose 4*s = 3*d + 122 - 26, 0 = -3*s + 9. Let b = 16 + d. What are the prime factors of m(b)?
3, 13
Suppose 6535 = h + 2*x, 0 = 5*h + 2*x - 10232 - 22411. List the prime factors of h.
61, 107
Suppose 2*b - 1 = -5, 3*z = 3*b + 90. Suppose 3*j = 5*t - 3115, t - 29*j + z*j = 621. List the prime factors of t.
2, 313
Let q = 1015 - -29408. What are the prime factors of q?
3, 10141
Let u be (0 + (-8)/6)*(-2325)/(-10). Let q = u - -419. List the prime factors of q.
109
Let c = -86 + 89. Let u be 3 + c + 1 + -1. Let r(z) = z**3 - 3*z**2 - z + 4. What are the prime factors of r(u)?
2, 53
Let y(g) = -8127*g + 7523. List the prime factors of y(-5).
2, 11, 199
Let b = 15646 + -8957. What are the prime factors of b?
6689
Let i(a) = 17*a**3 + 4*a**2 - a - 51. Let m be i(5). Let x = -933 + m. List the prime factors of x.
2, 3, 103
Let d be (2*(-4)/8)/(-1 - 0). What are the prime factors of 2 + (-2 - (-193)/d)?
193
Let d be (-14)/(-49) - 99/(-21). Suppose 5*y = 5*n + 180, d*y + 63 - 288 = -4*n. Suppose 0 = 3*g + y - 257. What are the prime factors of g?
2, 3
Let p = 37 + -34. Suppose 0 = 4*o + 5*r + 13, -o - 17 + 1 = -p*r. Let y = 62 + o. List the prime factors of y.
5, 11
Suppose -446873 - 1052697 = -55*g - 6540. What are the prime factors of g?
2, 7, 277
Let q = 176 + -170. What are the prime factors of 6/(-4)*((-544)/q + -4)?
2, 71
Let i = 264 - 164. Let y = -100 + i. Suppose y = 5*k - k - 3*b - 1056, 0 = -3*b. List the prime factors of k.
2, 3, 11
Let r be 9 - 3 - (4 + 0). Suppose x = 2*c, x + r*c = -4*x - 12. What are the prime factors of (-855)/(-12) - x/(-8)?
71
Let f be 10/(-2)*(-987)/(-235). Let c(t) = 2*t**2 + 16*t - 25. List the prime factors of c(f).
521
Suppose 3*t + 3*n - 26 = 1, 0 = t - 5*n - 15. Suppose 0 = -t*l - l + 3817. List the prime factors of l.
347
Let g(o) = 6*o**2 + 4*o + 2. Let p be g(-2). Let x(z) = z**3 - 17*z**2 - 10*z + 42. What are the prime factors of x(p)?
2, 3, 31
Let p(g) = 3*g**3 + 104*g**2 - 108*g - 140. List the prime factors of p(-33).
7, 181
Let r(d) = d**3 + 45*d**2 + 49*d - 39. List the prime factors of r(-14).
5351
Let b = -39970 + 63820. What are the prime factors of b?
2, 3, 5, 53
Suppose 43*r - 1822 = 1145. Let v = r - -600. What are the prime factors of v?
3, 223
Let x(y) = -y**3 - y**2 + 9*y - 4. Let d be x(-4). Suppose -d*r = -6*r - 2. What are the prime factors of 134/r - -2*(2 - 4)?
2, 5, 13
Suppose 17*r - 16 = 9*r. Suppose -3*s - 5*k + 7 = 0, -r*s + 4*k + k = -13. Suppose 4*t = s*h + 56, 0 = -3*h + 2*h. What are the prime factors of t?
2, 7
Let a(n) = n**2 + 6*n + 2. Let t be a(0). Suppose -t*l - l + 526 = w, 4*w = -3*l + 2095. What are the prime factors of w?
523
Suppose 0*i + 6*i + 822630 = 0. Let g be (-4)/2 + 25 + i. What are the prime factors of g/(-469) - (10/(-14) + 1)?
2, 73
Let s = -4540 - -12968. What are the prime factors of s?
2, 7, 43
Suppose 31 - 8 = 5*i + 3*n, 4*n = 2*i - 4. Suppose 3 = -b, -2*b = -i*s + 503 + 959. List the prime factors of s.
2, 7, 13
Suppose 110*l + 83464 = 59*l + 55*l. What are the prime factors of l?
2, 10433
Suppose 4*b - 27 + 651 = 0. Let x = b + 392. List the prime factors of x.
2, 59
Let v(p) = p**2 - 11*p + 111. List the prime factors of v(42).
3, 157
Let h = 733 + -736. List the prime factors of (11 + 0)*138 + (h - -1).
2, 379
Suppose -y = 4*y - 105. Suppose y*u - 6245 = 3961. What are the prime factors of u?
2, 3
Suppose 0 = -9*v - 31 + 49. Let y = 480 - 222. What are the prime factors of v/20*2 - y/(-10)?
2, 13
Let s(h) be the first derivative of -17*h**2 + 150*h + 135. What a